 10) in base 13?
18a6a2
-11101311312 (base 4) to base 15
-1c5033
Convert 10a930 (base 11) to base 16.
2ad7b
What is 204313 (base 10) in base 7?
1510444
-4906a5 (base 11) to base 12
-315666
2472499 (base 10) to base 9
4577561
What is -4842215 (base 12) in base 7?
-230115263
-56426061 (base 7) to base 10
-4897740
What is 20001012112200 (base 3) in base 15?
436c30
122220102011 (base 3) to base 16
56098
What is 1150317 (base 9) in base 3?
1011200100121
Convert -6e6011 (base 15) to base 7.
-62631640
What is -26c949 (base 14) in base 3?
-2112010101000
Convert -611332 (base 7) to base 2.
-11001010101001100
What is 232252453 (base 6) in base 8?
20353561
What is -23a03 (base 15) in base 10?
-113628
Convert 364144 (base 12) to base 10.
878020
Convert -10cdc06 (base 14) to base 6.
-444025130
What is 55334420 (base 7) in base 11?
276515a
Convert -7f8b (base 16) to base 10.
-32651
Convert -201437 (base 8) to base 9.
-110885
What is -1abba (base 12) in base 3?
-2000111221
-1010210112011 (base 3) to base 14
-11aca9
What is 10372441 (base 10) in base 12?
35826a1
Convert -1011111101101011 (base 2) to base 9.
-74187
Convert 3030075 (base 10) to base 14.
58c37d
What is 12512 (base 11) in base 4?
10120001
-45011660 (base 7) to base 4
-32310212321
Convert -459b96 (base 15) to base 14.
-627332
Convert 103130225 (base 6) to base 14.
35957b
Convert 3656 (base 10) to base 8.
7110
What is 314436 (base 9) in base 2?
101101101001100101
-13e85 (base 16) to base 2
-10011111010000101
Convert e194 (base 15) to base 10.
47614
Convert -11bc4 (base 14) to base 5.
-2342423
-2043173 (base 9) to base 13
-2c2a46
Convert 70f3b1 (base 16) to base 13.
16c2439
What is -551541355 (base 6) in base 11?
-56446a4
What is 10110000111111011 (base 2) in base 10?
90619
Convert -122130122 (base 4) to base 11.
-74418
Convert 875b9d (base 14) to base 15.
6093e9
Convert 11ff1f (base 16) to base 3.
2012220212100
Convert 35575 (base 11) to base 8.
144101
What is -56798 (base 16) in base 13?
-c52b2
What is -100021220010212 (base 3) in base 4?
-102311221232
What is -161a14 (base 13) in base 6?
-15414215
What is -6dbc9 (base 16) in base 13?
-129786
Convert 45433215 (base 6) to base 11.
869428
-102236356 (base 7) to base 6
-333305334
12111121120 (base 3) to base 6
2153323
Convert -1000101100111010111 (base 2) to base 7.
-2265215
What is 11429 (base 11) in base 5?
1011422
What is -4b8909 (base 15) in base 9?
-6732340
Convert 1110011001101100101110 (base 2) to base 12.
1320926
What is -17756 (base 9) in base 2?
-10111111111010
What is -164e938 (base 15) in base 11?
-9164364
What is -1637522 (base 9) in base 15?
-12ed9b
Convert 403031141 (base 6) to base 4.
122023130011
What is -1017605 (base 12) in base 7?
-34444514
Convert 86a088 (base 11) to base 5.
323432120
-202020001012 (base 3) to base 7
-3245354
Convert -849787 (base 11) to base 9.
-2502372
Convert ba0 (base 12) to base 4.
122220
Convert -4bd7e (base 15) to base 2.
-111011001111101101
What is 410211 (base 10) in base 9?
684630
-52470 (base 16) to base 15
-69cc3
Convert 264a88 (base 11) to base 9.
704384
Convert -3670909 (base 10) to base 16.
-38037d
-100101010010010011 (base 2) to base 15
-303b8
What is 26362 (base 11) in base 8?
111503
Convert 1111120210210 (base 3) to base 8.
3030173
14717 (base 12) to base 16
7003
Convert 251276 (base 9) to base 12.
73a73
1101105533 (base 6) to base 4
231010002201
What is -44322 (base 8) in base 11?
-13008
What is 2a0703 (base 11) in base 7?
3663255
101c981 (base 13) to base 5
2222231420
What is -8183b (base 15) in base 16?
-64277
1310412012 (base 5) to base 11
18a7678
What is 221920 (base 11) in base 3?
122222100200
Convert -a2c367 (base 14) to base 15.
-73641e
What is 20c556 (base 14) in base 5?
241002012
1022100200101 (base 3) to base 6
22530014
443135 (base 8) to base 13
52b21
What is 57371 (base 9) in base 10?
38215
Convert -122153233 (base 7) to base 6.
-432314204
What is -cacb (base 14) in base 16?
-88fb
Convert 1cbfb2 (base 16) to base 8.
7137662
Convert -3605c (base 13) to base 16.
-1827e
Convert 1de7e (base 15) to base 10.
97769
What is 1085851 (base 12) in base 2?
1100000011111001111101
19180a7 (base 13) to base 12
2901a80
What is -17751470 (base 8) in base 11?
-23a76a2
What is 10350 (base 14) in base 8?
114242
Convert -42287 (base 12) to base 2.
-10101001100000111
What is -29322 (base 13) in base 11?
-531a1
-2112102212010 (base 3) to base 9
-2472763
37996 (base 13) to base 11
7018a
What is -12355050 (base 7) in base 10?
-1123017
Convert 864343 (base 9) to base 13.
150510
-11322533 (base 6) to base 5
-42300040
1253401 (base 6) to base 3
10112022101
Convert 1001000100011010 (base 2) to base 10.
37146
1d558 (base 15) to base 14
26c44
Convert -70452 (base 16) to base 14.
-bd830
-1a664 (base 15) to base 9
-140644
Convert 92691 (base 14) to base 11.
220957
What is 102010102122 (base 3) in base 9?
363378
Convert -1845122 (base 9) to base 14.
-1cca87
Convert -113287 (base 10) to base 11.
-78129
Convert -60206351 (base 7) to base 16.
-4bf1d9
What is -2545411 (base 10) in base 16?
-26d703
101212211120 (base 3) to base 14
580c6
Convert b76db0 (base 14) to base 6.
340550514
2cc1874 (base 13) to base 6
1233455354
-44a377 (base 14) to base 8
-10714645
Convert -10000020002102 (base 3) to base 14.
-2d88d4
-12215024 (base 6) to base 3
-201212121121
What is 11011000111011000 (base 2) in base 16?
1b1d8
Convert 12364 (base 13) to base 4.
20030020
What is 122362 (base 9) in base 2?
10010000011001000
39b2a (base 15) to base 6
3543221
-13737526 (base 8) to base 2
-1011111011111101010110
What is -43a2 (base 11) in base 3?
-21221210
Convert 100110011100110100011010 (base 2) to base 9.
20862440
What is 111001110100011111111001 (base 2) in base 11?
8612950
-10110100100111011 (base 2) to base 4
-112210323
104564 (base 10) to base 15
20eae
-2022232330 (base 4) to base 5
-121141002
22002012 (base 3) to base 13
28b2
172656 (base 10) to base 9
282750
Convert 4726475 (base 8) to base 5.
312231113
Convert 80a70 (base 11) to base 5.
12242130
What is -1220330201 (base 4) in base 8?
-1507441
-12222202111 (base 3) to base 7
-1000540
What is -168566 (base 9) in base 2?
-11001100100001000
What is -8623542 (base 9) in base 2?
-10001101000010100000110
-1355632 (base 7) to base 5
-21311412
Convert -468877 (base 14) to base 4.
-21023100221
Convert 2b36144 (base 12) to base 13.
1a862b2
27426 (base 11) to base 2
1001100011000111
20210444 (base 5) to base 14
436c9
What is -21253113 (base 6) in base 8?
-2315005
Convert -13088487 (base 9) to base 4.
-120203102233
What is 1332021011 (base 4) in base 10?
516677
Convert 1030001310 (base 4) to base 9.
524153
Convert -10110111010110011111 (base 2) to base 11.
-473274
What is -1100001111101001 (base 2) in base 13?
-19a9c
-10011001011110 (base 2) to base 10
-9822
-2103321133 (base 4) to base 11
-38415a
Convert -139b72 (base 12) to base 16.
-50246
What is 14040012 (base 5) in base 15?
2c622
19b496 (base 14) to base 6
31334324
Convert 2ca27 (base 13) to base 15.
1a3a9
Convert -136833 (base 10) to base 6.
-2533253
Convert -1429651 (base 10) to base 7.
-15103036
What is -172738 (base 10) in base 2?
-101010001011000010
What is -621521 (base 8) in base 5?
-23040044
What is -171287 (base 9) in base 3?
-12101022221
-39b18 (base 14) to base 2
-100010101100101010
What is -bc2176 (base 13) in base 2?
-10000111001111011111111
437b85 (base 12) to base 8
4054325
Convert -79423 (base 16) to base 10.
-496675
-b39a (base 13) to base 11
-176a7
Convert -3fb3d4 (base 16) to base 12.
-1493b84
Convert -11233331 (base 4) to base 8.
-55775
What is -110011111010010100 (base 2) in base 15?
-43003
5a667 (base 12) to base 2
11101110000101111
3964a6 (base 11) to base 2
10011000001110010100
Convert -1a1b69 (base 12) to base 9.
-770380
What is cc1c6 (base 16) in base 8?
3140706
What is -51638 (base 12) in base 7?
-621650
316886 (base 10) to base 14
836aa
Convert 48169 (base 15) to base 6.
4532000
2720658 (base 13) to base 10
12310878
-398398 (base 14) to base 11
-1134029
Convert 5416612 (base 7) to base 9.
1215604
Convert 251c98b (base 13) to base 5.
10430113034
Convert 2554730 (base 10) to base 4.
21233231222
-211213101 (base 4) to base 16
-259d1
Convert 3a44c9 (base 14) to base 9.
3702544
10111001000111101 (base 2) to base 4
1130